63
Calculate the highest common divisor of 69764 and 58028.
652
Calculate the greatest common factor of 345 and 1004088.
69
Calculate the highest common factor of 931 and 2717.
19
Calculate the greatest common divisor of 1 and 8123.
1
Calculate the greatest common divisor of 222976 and 14740.
268
What is the highest common factor of 486 and 2151?
9
What is the highest common factor of 92207 and 1748?
437
What is the greatest common divisor of 48 and 15696?
48
What is the highest common factor of 25413 and 83922?
591
Calculate the greatest common factor of 2257 and 65749.
37
Calculate the greatest common factor of 3740 and 3230.
170
What is the greatest common divisor of 3224 and 1716?
52
Calculate the highest common divisor of 690 and 1920.
30
Calculate the greatest common divisor of 3748 and 40.
4
Calculate the greatest common divisor of 124555 and 8555.
145
Calculate the highest common factor of 442100 and 400.
100
What is the highest common factor of 46806 and 66?
6
Calculate the highest common factor of 1400 and 23982.
14
Calculate the greatest common factor of 7398 and 12056.
274
Calculate the highest common factor of 651 and 38037.
93
Calculate the greatest common factor of 9 and 5318.
1
Calculate the greatest common factor of 73 and 124757.
73
What is the highest common factor of 1079 and 1411?
83
What is the greatest common divisor of 47960 and 12760?
440
Calculate the highest common divisor of 77371 and 2499.
49
What is the greatest common factor of 4412912 and 31?
31
What is the highest common divisor of 72068 and 70392?
1676
Calculate the highest common divisor of 45 and 65862.
9
Calculate the highest common divisor of 185 and 2839491.
37
What is the greatest common divisor of 152952 and 8?
8
Calculate the highest common factor of 44 and 98186.
22
What is the highest common factor of 1911 and 11921?
91
Calculate the highest common divisor of 112 and 46256.
112
What is the greatest common factor of 2365 and 275?
55
What is the highest common divisor of 970 and 1000?
10
Calculate the greatest common divisor of 50219 and 13.
13
Calculate the greatest common factor of 73 and 3151775.
73
Calculate the highest common divisor of 8950 and 1750.
50
What is the highest common factor of 4769 and 152?
19
What is the highest common divisor of 156154 and 1304?
326
What is the greatest common factor of 214071 and 858?
429
What is the greatest common divisor of 1525 and 3904?
61
Calculate the greatest common factor of 373410 and 5670.
810
What is the highest common factor of 20 and 287890?
10
Calculate the greatest common divisor of 6840 and 8.
8
Calculate the highest common factor of 432 and 3771.
9
What is the highest common divisor of 31608 and 594?
18
Calculate the greatest common factor of 22372 and 438886.
658
Calculate the greatest common divisor of 147 and 51051.
21
Calculate the greatest common factor of 69 and 6898781.
23
Calculate the greatest common factor of 172 and 24868.
4
Calculate the greatest common divisor of 397312 and 388.
388
Calculate the highest common factor of 39 and 357877.
13
Calculate the greatest common factor of 2445 and 8460.
15
Calculate the highest common divisor of 1824 and 923232.
96
What is the highest common divisor of 9626 and 4?
2
Calculate the greatest common factor of 29963 and 1992.
83
Calculate the highest common divisor of 1808860 and 40.
20
What is the greatest common factor of 541559 and 40175?
1607
Calculate the greatest common factor of 462 and 29238.
66
Calculate the highest common factor of 47216 and 196.
4
What is the highest common factor of 259 and 21728?
7
What is the greatest common divisor of 9803633 and 287?
287
What is the highest common divisor of 122 and 235094?
122
Calculate the greatest common factor of 6704 and 656.
16
Calculate the highest common factor of 11 and 276617.
11
What is the greatest common divisor of 120 and 76056?
24
Calculate the greatest common divisor of 13077 and 141.
3
What is the highest common factor of 40 and 1510?
10
Calculate the highest common factor of 200817 and 18.
9
What is the highest common divisor of 207 and 331839?
9
What is the greatest common divisor of 250 and 29450?
50
Calculate the highest common divisor of 72944 and 291.
97
Calculate the greatest common factor of 571175 and 44.
11
What is the highest common factor of 2980 and 1022885?
745
Calculate the highest common factor of 75 and 488975.
25
What is the highest common factor of 3091980 and 180?
60
What is the greatest common factor of 6 and 634926?
6
Calculate the greatest common factor of 4565 and 2585.
55
Calculate the greatest common divisor of 1421 and 6989.
29
What is the greatest common factor of 56 and 51240?
56
What is the highest common divisor of 364 and 28364?
28
What is the greatest common divisor of 53392 and 236?
4
What is the highest common factor of 87 and 3683?
29
What is the greatest common factor of 15091 and 9?
1
Calculate the greatest common divisor of 143 and 52448.
11
Calculate the highest common factor of 376 and 808.
8
Calculate the greatest common factor of 26 and 2922.
2
What is the highest common factor of 384 and 199744?
64
Calculate the highest common factor of 4605 and 63.
3
What is the greatest common divisor of 1492 and 92?
4
What is the highest common divisor of 87219 and 297?
99
Calculate the highest common divisor of 43214 and 1190.
34
Calculate the greatest common divisor of 35123 and 682.
341
What is the greatest common factor of 94 and 336614?
94
What is the highest common factor of 1166 and 902?
22
Calculate the greatest common divisor of 48 and 236.
4
What is the greatest common factor of 64668 and 697?
17
What is the highest common divisor of 1276 and 3944?
116
What is the greatest common divisor of 1457 and 2697?
31
Calculate the greatest common factor of 39377 and 3728.
233
What is the greatest common factor of 1204 and 613438?
602
Calculate the greatest common divisor of 145 and 2725.
5
What is the highest common factor of 84 and 259588?
28
What is the highest common divisor of 4 and 2665080?
4
What is the greatest common divisor of 2651122 and 58?
58
What is the greatest common divisor of 157534 and 24674?
1898
Calculate the highest common factor of 123687 and 405.
81
What is the highest common factor of 1238 and 1171767?
619
Calculate the highest common factor of 55216 and 6048.
112
What is the highest common divisor of 10851 and 564?
3
Calculate the highest common divisor of 2244 and 884.
68
What is the greatest common factor of 19509 and 21?
21
What is the highest common divisor of 315 and 7500?
15
What is the greatest common divisor of 13760 and 23005?
215
What is the greatest common divisor of 1216605 and 15?
15
What is the highest common factor of 162 and 456?
6
Calculate the greatest common divisor of 25004 and 32718.
266
Calculate the highest common factor of 11611 and 6698.
17
What is the greatest common factor of 667 and 187427?
667
Calculate the highest common divisor of 103 and 1510083.
103
What is the highest common divisor of 6773 and 910?
13
What is the highest common factor of 97399 and 865?
173
What is the highest common divisor of 170713 and 424?
53
What is the greatest common divisor of 4122 and 6412?
458
What is the highest common divisor of 46018 and 38?
38
What is the highest common divisor of 2145 and 4565?
55
What is the highest common factor of 122 and 333365?
61
Calculate the greatest common factor of 286 and 43238.
26
Calculate the highest common factor of 3336 and 67554.
834
Calculate the greatest common divisor of 8 and 216092.
4
What is the greatest common divisor of 21 and 30009?
21
What is the highest common factor of 3241 and 95378?
463
Calculate the highest common factor of 1790 and 33040.
10
What is the greatest common divisor of 184300 and 6600?
100
Calculate the highest common factor of 56516 and 639.
71
Calculate the highest common factor of 5635 and 1265.
115
Calculate the highest common factor of 1764 and 70938.
126
What is the highest common divisor of 12 and 211362?
6
Calculate the highest common divisor of 1061042 and 394.
394
What is the greatest common factor of 172011 and 168?
21
What is the highest common divisor of 320 and 10760?
40
Calculate the greatest common divisor of 4566 and 162.
6
What is 